{"id":518,"date":"2019-09-08T07:36:00","date_gmt":"2019-09-08T07:36:00","guid":{"rendered":"http:\/\/khoaanh.ufl.udn.vn\/eng\/?page_id=518"},"modified":"2023-02-25T07:37:28","modified_gmt":"2023-02-25T07:37:28","slug":"research-projects","status":"publish","type":"page","link":"https:\/\/khoaanh.ufl.udn.vn\/eng\/research-projects\/","title":{"rendered":"RESEARCH PROJECTS"},"content":{"rendered":"\n<figure class=\"wp-block-table\"><table><tbody><tr><td><strong>No<\/strong><\/td><td><strong>Project title<\/strong><\/td><td><strong>Project submitted to<\/strong><\/td><\/tr><tr><td><strong>1<\/strong><\/td><td><strong>Institutional project:&nbsp;<a href=\"http:\/\/scv.udn.vn\/vtkanh\/NCKH\/3531\">X\u00e2y d\u1ef1ng kh\u00f3a h\u1ecdc m\u1eabu cho gi\u00e1o tr\u00ecnh Life tr\u00ean trang web Myelt. Ch\u1ee7 nhi\u1ec7m: V\u00f5 Th\u1ecb Kim \u00c2nh. Th\u00e0nh vi\u00ean: Ph\u1ea1m Th\u1ecb T\u00e0iNg\u00f4 Th\u1ecb Hi\u1ec1n Trang. M\u00e3 s\u1ed1: M\u00e3 s\u1ed1: T2016-05-02. : 2016.<\/a>&nbsp;(Apr 9 2017 4:33PM)<\/strong><\/td><td><strong>Institutional project<\/strong><\/td><\/tr><tr><td>2<\/td><td><strong>UFLS Project<\/strong>:&nbsp;<a href=\"http:\/\/scv.udn.vn\/ngohientrang\/NCKH\/2524\"><strong>KH\u1ea2O S\u00c1T VI\u1ec6C D\u1ea0Y V\u00c0 H\u1eccC BI\u00caN PHI\u00caN D\u1ecaCH VI\u1ec6T-ANH \u0110\u1ed8NG T\u1eea GH\u00c9P CH\u1ec8 H\u00c0NH \u0110\u1ed8NG CHO SINH VI\u00caN&nbsp; BA UNIVERSITY OF FOREIGN LANGUAGE STUniversity of DanangIES&nbsp; &#8211; University of Danang.<\/strong>&nbsp;Ch\u1ee7 nhi\u1ec7m: Ng\u00f4 Th\u1ecb Hi\u1ec1n Trang. M\u00e3 s\u1ed1: T2014-05-08. : 2014.<\/a>&nbsp;(Dec 14 2014 3:41PM)<\/td><td>Institutional project<\/td><\/tr><tr><td>3<\/td><td><strong>UFLS Project<\/strong>:&nbsp;<a href=\"http:\/\/scv.udn.vn\/ngohientrang\/NCKH\/2115\"><strong>KH\u1ea2O S\u00c1T VI\u1ec6C S\u1eec D\u1ee4NG TRANH \u1ea2NH TRONG GI\u1ea2NG D\u1ea0Y&nbsp;<\/strong>M<strong>\u00d4N N\u00d3I TI\u1ebeNG ANH CHO H\u1eccC SINH TI\u1ec2U H\u1eccC T\u1ea0I TH\u00c0NH PH\u1ed0 \u0110\u00c0 N\u1eb4NG: TH\u1ef0C TR\u1ea0NG V\u00c0 GI\u1ea2I PH\u00c1P.<\/strong>&nbsp;Ch\u1ee7 nhi\u1ec7m: Ng\u00f4 Th\u1ecb Hi\u1ec1n Trang. M\u00e3 s\u1ed1: T2012-05-04. : 2012.<\/a>&nbsp;(Jun 12 2013 9:31AM)<\/td><td>Institutional project<\/td><\/tr><tr><td>4<\/td><td><strong>UFLS Project<\/strong>:&nbsp;<a href=\"http:\/\/scv.udn.vn\/pttai\/NCKH\/3828\"><strong>\u1ee8NG D\u1ee4NG TH\u1ef0C H\u00c0NH VI\u1ebeT THEO NH\u00d3<\/strong>M<strong>&nbsp;TR\u00caN FACEBOOK CHO SINH VI\u00caN&nbsp; TH\u1ee8 NH\u1ea4T KHOA TI\u1ebeNG ANH, UNIVERSITY OF FOREIGN LANGUAGE STUniversity of DanangIES , University of Danang.<\/strong>&nbsp;Ch\u1ee7 nhi\u1ec7m: Ph\u1ea1m Th\u1ecb T\u00e0i. M\u00e3 s\u1ed1: T2017 &#8211; 05 &#8211; 13. : 2018.<\/a>&nbsp;(Jun 11 2018 3:06PM)<\/td><td>Institutional project<\/td><\/tr><tr><td>5<\/td><td><strong>UFLS Project<\/strong>:&nbsp;<a href=\"http:\/\/scv.udn.vn\/pttai\/NCKH\/3502\"><strong>NGHI\u00caN C\u1ee8U C\u00c1C Y\u1ebeU T\u1ed0 \u1ea2NH H\u01af\u1edeNG \u0110\u1ebeN \u0110\u1ed8NG L\u1ef0C H\u1eccC K\u1ef8 N\u0102NG N\u00d3I C\u1ee6A SINH VI\u00caN&nbsp;&nbsp;<\/strong>M<strong>\u1ed8T KHOA TI\u1ebeNG ANH, UNIVERSITY OF FOREIGN LANGUAGE STUniversity of DanangIES , University of Danang.<\/strong>&nbsp;Ch\u1ee7 nhi\u1ec7m: Ph\u1ea1m Th\u1ecb T\u00e0i. M\u00e3 s\u1ed1: T 2015-05-16. : 2015.<\/a>&nbsp;(Mar 29 2017 3:15PM)<\/td><td>Institutional project<\/td><\/tr><tr><td>6<\/td><td><strong>UFLS Project<\/strong>:&nbsp;<a href=\"http:\/\/scv.udn.vn\/httnguyet\/NCKH\/3554\"><strong>Ph\u00e2n t\u00edch di\u1ec5n ng\u00f4n \u0111o\u1ea1n&nbsp;<\/strong>m<strong>\u1edf \u0111\u1ea7u c\u1ee7a b\u00e0i gi\u1ea3ng ti\u1ebfng Anh, t\u1eeb \u0111\u00f3 \u1ee9ng d\u1ee5ng v\u00e0o vi\u1ec7c thuy\u1ebft tr\u00ecnh, d\u1ea1y h\u1ecdc.<\/strong>&nbsp;Ch\u1ee7 nhi\u1ec7m: Hu\u1ef3nh Th\u1ecb Thu Nguy\u1ec7t. M\u00e3 s\u1ed1: T2012-05-09. : 2012.<\/a>&nbsp;(May 29 2017 4:10PM)<\/td><td>Institutional project<\/td><\/tr><tr><td>7<\/td><td>Projects submitted to University of Danang:&nbsp;<a href=\"http:\/\/scv.udn.vn\/hoquangha\/NCKH\/3036\"><strong>\u1ee8ng d\u1ee5ng h\u1ec7 th\u1ed1ng qu\u1ea3n l\u00fd h\u1ecdc t\u1eadp&nbsp;<\/strong>M<strong>oodle trong gi\u1ea3ng d\u1ea1y k\u1ef9 n\u0103ng th\u1ef1c h\u00e0nh ti\u1ebfng Anh theo Chu\u1ea9n Ch\u00e2u \u00c2u.<\/strong>&nbsp;Ch\u1ee7 nhi\u1ec7m: H\u1ed3 Qu\u1ea3ng H\u00e0. Th\u00e0nh vi\u00ean: H\u1ed3 Qu\u1ea3ng H\u00e0 &#8211; Faculty of English tr\u01b0\u1eddng \u0110HNN; Ph\u1ea1m Th\u1ecb T\u1ed1 Nh\u01b0 &#8211; Faculty of English tr\u01b0\u1eddng \u0110HNN; Nguy\u1ec5n H\u1eefu Anh V\u01b0\u01a1ng, Faculty of English tr\u01b0\u1eddng \u0110HNN; Nh\u00f3m chuy\u00ean gia v\u1ec1 \u1ee9ng d\u1ee5ng CNTT \u0111\u1ec1 \u00e1n NNQG2020. M\u00e3 s\u1ed1: MS \u01102013-05-26-BS. : 2014.<\/a>&nbsp;(Jan 12 2016 10:36AM)<\/td><td>Institutional project<\/td><\/tr><tr><td>8<\/td><td>Projects submitted to University of Danang:&nbsp;<a href=\"http:\/\/scv.udn.vn\/hoquangha\/NCKH\/2402\"><strong><em>Ph\u01b0\u01a1ng ph\u00e1p v\u00e0 ti\u00eau ch\u00ed \u0111\u00e1nh gi\u00e1 ph\u1ea7n&nbsp;<\/em><\/strong><em>m<strong>\u1ec1<\/strong>m<strong>&nbsp;d\u1ea1y-h\u1ecdc Foreign language<\/strong><\/em><strong>.<\/strong>&nbsp;Ch\u1ee7 nhi\u1ec7m: H\u1ed3 Qu\u1ea3ng H\u00e0. Th\u00e0nh vi\u00ean: . M\u00e3 s\u1ed1: T2009-05-21. : 2009.<\/a>&nbsp;(Jul 15 2014 10:09PM)<\/td><td>Institutional project<\/td><\/tr><tr><td>9<\/td><td><strong>UFLS Project<\/strong>:&nbsp;<a href=\"http:\/\/scv.udn.vn\/hoquangha\/NCKH\/2403\"><strong>Ph\u01b0\u01a1ng ph\u00e1p d\u1ea1y&nbsp;<\/strong>m<strong>\u00f4n Vi\u1ebft cho h\u1ecdc vi\u00ean ti\u1ebfng Anh H\u1ec7 t\u1ea1i ch\u1ee9c.<\/strong>&nbsp;Ch\u1ee7 nhi\u1ec7m: H\u1ed3 Qu\u1ea3ng H\u00e0. M\u00e3 s\u1ed1: T2005-5-14. : 2005.<\/a>&nbsp;(Jul 15 2014 10:14PM)<\/td><td>Institutional project<\/td><\/tr><tr><td>10<\/td><td>Projects submitted to University of Danang:&nbsp;<a href=\"http:\/\/scv.udn.vn\/nguyenngocnhatminh\/NCKH\/2303\"><strong>\u0110\u1ec1 xu\u1ea5t c\u00e1c bi\u1ec7n ph\u00e1p n\u00e2ng cao k\u0129 n\u0103ng vi\u1ebft v\u0103n tranh lu\u1eadn c\u1ee7a sinh vi\u00ean khoa ti\u1ebfng Anh t\u1eadp trung kh\u00eda c\u1ea1nh th\u1ec3 hi\u1ec7n \u0111\u1ed9&nbsp;<\/strong>M<strong>\u1ea1ch l\u1ea1c.(I<\/strong>m<strong>proving Argu<\/strong>m<strong>entative Essay Writing Skills of Students of the English Depart<\/strong>m<strong>ent through Focus on Coherence).<\/strong>&nbsp;Ch\u1ee7 nhi\u1ec7m: Nguy\u1ec5n Ng\u1ecdc Nh\u1eadt Minh. Th\u00e0nh vi\u00ean: \u0110o\u00e0n Ng\u1ecdc Th\u1ea3o Chi. M\u00e3 s\u1ed1: \u0110 2013-05-27. : 2014.<\/a>&nbsp;(Feb 7 2014 11:22AM)<\/td><td>Institutional project<\/td><\/tr><tr><td>11<\/td><td><strong>UFLS Project<\/strong>:&nbsp;<a href=\"http:\/\/scv.udn.vn\/nguyenngocnhatminh\/NCKH\/1758\"><strong>Kh\u1ea3o s\u00e1t vi\u1ec7c s\u1eed d\u1ee5ng k\u1ef9 thu\u1eadt ghi \u00e2<\/strong>m<strong>&nbsp;\u0111\u1ec3 s\u1eeda l\u1ed7i trong vi\u1ec7c d\u1ea1y k\u1ef9 n\u0103ng n\u00f3i cho sinh vi\u00ean&nbsp; 2 t\u1ea1i University of Foreign Language Studies &#8211; University of Danang &nbsp;(Error Identification and Correction with Recording Techniques for Teaching EFL Second-year Students\u2019 Speaking Skills at University of Foreign Languages, the University of Danang).<\/strong>&nbsp;Ch\u1ee7 nhi\u1ec7m: Nguy\u1ec5n Ng\u1ecdc Nh\u1eadt Minh. M\u00e3 s\u1ed1: T2012-04-15. : 2012.<\/a>&nbsp;(Sep 7 2012 3:07PM)<\/td><td>Institutional project<\/td><\/tr><tr><td>12<\/td><td><strong>UFLS Project<\/strong>:&nbsp;<a href=\"http:\/\/scv.udn.vn\/nthung\/NCKH\/3607\"><strong>X\u00e2y d\u1ef1ng&nbsp;<\/strong>m<strong>\u1ee5c ti\u00eau chu\u1ea9n \u0111\u1ea7u ra c\u00e1c h\u1ecdc ph\u1ea7n chuy\u00ean&nbsp;<\/strong>m<strong>\u00f4n c\u1ee7a ch\u01b0\u01a1ng tr\u00ecnh \u0111\u00e0o t\u1ea1o ng\u00e0nh Ng\u00f4n ng\u1eef Anh theo ti\u00eau chu\u1ea9n AUN-QA .<\/strong>&nbsp;Ch\u1ee7 nhi\u1ec7m: Ng\u0169 Thi\u1ec7n H\u00f9ng. Th\u00e0nh vi\u00ean: TS. L\u00ea Th\u1ecb Giao Chi, ThS. H\u1ed3 Qu\u1ea3ng H\u00e0. M\u00e3 s\u1ed1: T2016-05-07. : 2017.<\/a>&nbsp;(Sep 23 2017 7:30PM)<\/td><td>Institutional project<\/td><\/tr><tr><td>13<\/td><td>M<strong>inistry Project:&nbsp;<\/strong>&nbsp;<a href=\"http:\/\/scv.udn.vn\/nthung\/NCKH\/3550\"><strong>N\u00e2ng Cao Kh\u1ea3 N\u0103ng Nh\u1eadn Di\u1ec7n v\u00e0 Thuy\u1ebft Gi\u1ea3i \u00dd ngh\u0129a H\u00e0<\/strong>m<strong>&nbsp;Ng\u00f4n trong H\u1ed9i tho\u1ea1i English cho Sinh Vi\u00ean Vi\u1ec7t Na<\/strong>m<strong>.<\/strong>&nbsp;Ch\u1ee7 nhi\u1ec7m: Ng\u0169 Thi\u1ec7n H\u00f9ng. Th\u00e0nh vi\u00ean: TS. L\u01b0u Qu\u00fd Kh\u01b0\u01a1ng, ThS. Nguy\u1ec5n D\u01b0\u01a1ng Nguy\u00ean Trinh. M\u00e3 s\u1ed1: B2009-\u0110N05-16. : 2010.<\/a>&nbsp;(May 4 2017 11:32PM)<\/td><td>Ministry Project<\/td><\/tr><tr><td>14<\/td><td>M<strong>inistry Project:&nbsp;<\/strong>&nbsp;<a href=\"http:\/\/scv.udn.vn\/nthung\/NCKH\/3549\"><strong>N\u00e2ng cao k\u1ef9 n\u0103ng ph\u00e1t \u00e2<\/strong>m<strong>&nbsp;cho ng\u01b0\u1eddi Vi\u1ec7t h\u1ecdc ti\u1ebfng Anh qua vi\u1ec7c x\u1eed l\u00fd c\u00e1c hi\u1ec7n t\u01b0\u1ee3ng \u0111\u1ed3ng ho\u00e1 \u00e2<\/strong>m<strong>.<\/strong>&nbsp;Ch\u1ee7 nhi\u1ec7m: Ng\u0169 Thi\u1ec7n H\u00f9ng. Th\u00e0nh vi\u00ean: PGS.TS. Tr\u1ea7n V\u0103n Ph\u01b0\u1edbc, ThS. Nguy\u1ec5n D\u01b0\u01a1ng Nguy\u00ean Trinh. M\u00e3 s\u1ed1: B2005-13-10. : 2007.<\/a>&nbsp;(May 4 2017 11:30PM)<\/td><td>Ministry Project<\/td><\/tr><tr><td>15<\/td><td>M<strong>inistry Project:&nbsp;<\/strong>&nbsp;<a href=\"http:\/\/scv.udn.vn\/nthung\/NCKH\/3548\"><strong>Vai tr\u00f2 c\u1ee7a y\u1ebfu t\u1ed1 t\u00ecnh th\u00e1i nh\u1eadn th\u1ee9c trong vai tr\u00f2 th\u1ec3 hi\u1ec7n t\u00ednh l\u1ecbch s\u1ef1 trong giao ti\u1ebfp \u0111\u1ed1i tho\u1ea1i Anh &#8211; Vi\u1ec7t&nbsp;<\/strong>M<strong>\u00e3 s\u1ed1: B2001-16-09. : 2004.<\/strong>&nbsp;Ch\u1ee7 nhi\u1ec7m: Ng\u0169 Thi\u1ec7n H\u00f9ng. Th\u00e0nh vi\u00ean: PGS. TS. Tr\u1ea7n V\u0103n Ph\u01b0\u1edbc, ThS. Nguy\u1ec5n D\u01b0\u01a1ng Nguy\u00ean Trinh. M\u00e3 s\u1ed1: B2001-16-09. : 2004.<\/a>&nbsp;(May 4 2017 11:28PM)<\/td><td>Ministry Project<\/td><\/tr><tr><td>16<\/td><td>Projects submitted to University of Danang:&nbsp;<a href=\"http:\/\/scv.udn.vn\/thphuc\/NCKH\/3499\"><strong>Kh\u1ea3o s\u00e1t kh\u1ea3 n\u0103ng ti\u1ebfp nh\u1eadn chi\u1ebfn l\u01b0\u1ee3c l\u1ecbch s\u1ef1 c\u1ee7a sinh vi\u00ean ti\u1ebfng Anh qua c\u00e1c d\u1ea1ng c\u00e2u \u0111i\u1ec1u ki\u1ec7n theo h\u01b0\u1edbng ti\u1ebfp c\u1eadn kh\u1ed1i li\u1ec7u di\u1ec5n ng\u00f4n b\u00e1o ch\u00ed Anh.<\/strong>&nbsp;Ch\u1ee7 nhi\u1ec7m: Tr\u1ea7n H\u1eefu Ph\u00fac. Th\u00e0nh vi\u00ean: Nguy\u1ec5n Th\u1ecb B\u00edch Di\u1ec7u, Nguy\u1ec5n Th\u00e1i M\u1ef9 I\u00ean. M\u00e3 s\u1ed1: DD2015-05-39. : 2016.<\/a>&nbsp;(Mar 20 2017 2:23PM)<\/td><td>Institutional project<\/td><\/tr><tr><td>17<\/td><td>Projects submitted to University of Danang:&nbsp;<a href=\"http:\/\/scv.udn.vn\/thphuc\/NCKH\/2737\"><strong>Nghi\u00ean c\u1ee9u d\u1ea5u hi\u1ec7u t\u00ecnh th\u00e1i bi\u1ec3u hi\u1ec7n chi\u1ebfn l\u01b0\u1ee3c l\u1ecbch s\u1ef1 trong di\u1ec5n ng\u00f4n ti\u1ebfng Anh b\u1eb1ng ph\u01b0\u01a1ng ph\u00e1p kh\u1ed1i li\u1ec7u.<\/strong>&nbsp;Ch\u1ee7 nhi\u1ec7m: Tr\u1ea7n H\u1eefu Ph\u00fac. M\u00e3 s\u1ed1: \u01102014-05-36. : 2014.<\/a>&nbsp;(May 24 2015 9:26AM)<\/td><td>Institutional project<\/td><\/tr><tr><td>18<\/td><td><strong>UFLS Project<\/strong>:&nbsp;<a href=\"http:\/\/scv.udn.vn\/thphuc\/NCKH\/1077\"><strong>X\u00e2y d\u1ef1ng \u0111\u1ec1 \u00e1n \u0111\u00e0o t\u1ea1o ngu\u1ed3n nh\u00e2n l\u1ef1c tr\u00ecnh \u0111\u1ed9 cao cho c\u00e1c \u0111\u1ecba ph\u01b0\u01a1ng khu v\u1ef1c T\u00e2y Nguy\u00ean.<\/strong>&nbsp;Ch\u1ee7 nhi\u1ec7m: Tr\u1ea7n H\u1eefu Ph\u00fac. Th\u00e0nh vi\u00ean: . M\u00e3 s\u1ed1: T2009-01-07. : 2010.<\/a>&nbsp;(Apr 20 2011 3:43PM)<\/td><td>Institutional project<\/td><\/tr><tr><td>19<\/td><td><strong>\u0110\u1ed5i m\u1edbi ph\u01b0\u01a1ng th\u1ee9c v\u00e0 n\u1ed9i dung ki\u1ec3m tra \u0111\u1ec3 n\u00e2ng cao ch\u1ea5t l\u01b0\u1ee3ng d\u1ea1y-h\u1ecdc \u1edf tr\u01b0\u1eddng \u0110H Ngo\u1ea1i ng\u1eef -\u0110H\u0110N<\/strong>&nbsp;2013 Ch\u1ee7 nhi\u1ec7m: Tr\u1ea7n Quang H\u1ea3i M\u00e3 s\u1ed1: B2009-\u0110N05-18 C\u1ea5p B\u1ed9 Ch\u1ee7 nhi\u1ec7m<\/td><td>Ministry Project<\/td><\/tr><tr><td>20<\/td><td><strong>\u0110\u00e1nh gi\u00e1 n\u0103ng l\u1ef1c \u0111\u1ed9i ng\u0169 gi\u00e1o vi\u00ean ti\u1ebfng Anh \u1edf th\u00e0nh ph\u1ed1 \u0110\u00e0 N\u1eb5ng.<\/strong><br>2010 Ch\u1ee7 nhi\u1ec7m: Tr\u1ea7n Quang H\u1ea3i, M\u00e3 s\u1ed1 07\/2010\/LQNC C\u1ea5p th\u00e0nh ph\u1ed1 Th\u00e0nh vi\u00ean<\/td><td>Institutional project<\/td><\/tr><tr><td>21<\/td><td><strong>\u1ee8ng d\u1ee5ng c\u1ea5u tr\u00fac kh\u00e1i ni\u1ec7m trong ph\u00e2n t\u00edch ngh\u0129a \u0111\u1ed1i v\u1edbi c\u00e2u \u0111a ngh\u0129a trong ti\u1ebfng Vi\u1ec7t v\u00e0 trong ti\u1ebfng Anh<\/strong>&nbsp;2003, B2002-16-21 C\u1ea5p B\u1ed9 Ch\u1ee7 nhi\u1ec7m: Tr\u1ea7n Quang H\u1ea3i<\/td><td>Ministry Project<\/td><\/tr><tr><td>22<\/td><td>M<strong>inistry Project:&nbsp;<\/strong>&nbsp;<a href=\"http:\/\/scv.udn.vn\/tqhai\/NCKH\/1556\"><strong>Gi\u00e1o tr\u00ecnh PPGD ti\u1ebfng Anh<\/strong>&nbsp;Ch\u1ee7 bi\u00ean: Tr\u1ea7n Quang H\u1ea3i. N\u01a1i XB: \u0110HSP Hu\u1ebf.&nbsp; 1985.<\/a><\/td><td>Ministry Project<\/td><\/tr><tr><td>23<\/td><td><strong>UFLS Project<\/strong>:&nbsp;<a href=\"http:\/\/scv.udn.vn\/oanhhokieu\/NCKH\/3025\"><strong>Nghi\u00ean c\u1ee9u th\u1ef1c tr\u1ea1ng s\u1eed d\u1ee5ng&nbsp;<\/strong>m<strong>\u1ed9t s\u1ed1 trang&nbsp;<\/strong>m<strong>\u1ea1ng ph\u1ed5 bi\u1ebfn trong vi\u1ec7c t\u1ef1 h\u1ecdc ti\u1ebfng Anh c\u1ee7a s\u1ecbnh vi\u00ean chuy\u00ean Anh&nbsp; th\u1ee9 ba t\u1ea1i University of Foreign Language Studies &#8211; University of Danang , University of Danang.<\/strong>&nbsp;Ch\u1ee7 nhi\u1ec7m: H\u1ed3 Th\u1ecb Ki\u1ec1u Oanh. Th\u00e0nh vi\u00ean: Nguy\u1ec5n Th\u1ecb T\u01b0\u1eddng Vy. M\u00e3 s\u1ed1: T2015-05-12. : 2015.<\/a>&nbsp;(Jan 6 2016 4:28PM)<\/td><td>Institutional project<\/td><\/tr><tr><td>24<\/td><td>Projects submitted to University of Danang:&nbsp;<a href=\"http:\/\/scv.udn.vn\/oanhhokieu\/NCKH\/2088\"><strong>V\u0103n h\u00f3a \u1ee9ng x\u1eed l\u1eddi n\u00f3i c\u1ee7a sinh vi\u00ean University of Danang trong giai \u0111o\u1ea1n hi\u1ec7n nay &#8211; Th\u1ef1c tr\u1ea1ng v\u00e0 gi\u1ea3i ph\u00e1p gi\u00e1o d\u1ee5c.<\/strong>&nbsp;Ch\u1ee7 nhi\u1ec7m: H\u1ed3 Th\u1ecb Ki\u1ec1u Oanh. Th\u00e0nh vi\u00ean: Nguy\u1ec5n Th\u1ecb B\u00edch Chi, L\u00ea Th\u1ecb T\u01b0\u1eddng Vy. M\u00e3 s\u1ed1: \u0110 2012-05-12. : 2013.<\/a>&nbsp;(May 3 2013 11:32PM)<\/td><td>Institutional project<\/td><\/tr><tr><td>25<\/td><td><strong>UFLS Project<\/strong>:&nbsp;<a href=\"http:\/\/scv.udn.vn\/oanhhokieu\/NCKH\/1331\"><strong>Ph\u00e2n t\u00edch l\u1ed7i trong b\u00e0i vi\u1ebft d\u1ea1ng \u0111\u1ed9c l\u1eadp c\u1ee7a h\u1ecdc vi\u00ean ng\u01b0\u1eddi Vi\u1ec7t h\u1ecdc Toefl iBT.<\/strong>&nbsp;Ch\u1ee7 nhi\u1ec7m: H\u1ed3 Th\u1ecb Ki\u1ec1u Oanh. Th\u00e0nh vi\u00ean: TS. Nguy\u1ec5n \u0110\u1ee9c Ho\u1ea1t, TS. Vicpor Fkoglund, TS. L\u00ea D\u00e2n. M\u00e3 s\u1ed1: T 2009 &#8211; 05 &#8211; 24. : 2009.<\/a>&nbsp;(May 11 2011 2:47PM)<\/td><td>Institutional project<\/td><\/tr><tr><td>26<\/td><td>M<strong>inistry Project:&nbsp;<\/strong>&nbsp;<a href=\"http:\/\/scv.udn.vn\/oanhhokieu\/NCKH\/1332\"><strong>Chi\u1ebfn l\u01b0\u1ee3c ng\u1ecf l\u1eddi l\u1ecbch s\u1ef1 &#8211; so s\u00e1nh \u0111\u1ed1i chi\u1ebfu ti\u1ebfng Anh &#8211; ti\u1ebfng Vi\u1ec7t.<\/strong>&nbsp;Ch\u1ee7 nhi\u1ec7m: H\u1ed3 Th\u1ecb Ki\u1ec1u Oanh. Th\u00e0nh vi\u00ean: TS. Phan V\u0103n Ho\u00e0, PGS.TS.Tr\u1ea7n Tr\u00ed D\u00f5i, TS. Nguy\u1ec5n \u0110\u1ee9c Ho\u1ea1t, PGS. TS. Tr\u1ea7n H\u1eefu Luy\u1ebfn, GS. TS. Alan Lawson . M\u00e3 s\u1ed1: B 2006 &#8211; \u0110N 05 &#8211; 04. : 2008.<\/a>&nbsp;(May 11 2011 3:18PM)<\/td><td>Ministry Project<\/td><\/tr><tr><td>27<\/td><td>Projects submitted to University of Danang:&nbsp;<a href=\"http:\/\/scv.udn.vn\/oanhhokieu\/NCKH\/441\"><strong><em>V\u1ea5n \u0111\u1ec1 l\u1ed7i ng\u1eef d\u1ee5ng trong h\u00e0nh \u0111\u1ed9ng ng\u1ecf l\u1eddi c\u1ee7a ng\u01b0\u1eddi Vi\u1ec7t h\u1ecdc ti\u1ebfng Anh<\/em><\/strong><strong>.<\/strong>&nbsp;Ch\u1ee7 nhi\u1ec7m: H\u1ed3 Th\u1ecb Ki\u1ec1u Oanh. Th\u00e0nh vi\u00ean: TS. Nguy\u1ec5n \u0110\u1ee9c Ho\u1ea1t. M\u00e3 s\u1ed1: T 03 \u2013 16 \u2013 14. : 2003.<\/a>&nbsp;(Dec 31 2010 10:51AM)<\/td><td>Institutional project<\/td><\/tr><tr><td>28<\/td><td><strong>UFLS Project<\/strong>:&nbsp;<a href=\"http:\/\/scv.udn.vn\/vothanhsonca\/NCKH\/2318\"><strong>\u1ee8ng d\u1ee5ng kh\u1ed1i li\u1ec7u ng\u00f4n ng\u1eef v\u00e0o gi\u1ea3ng d\u1ea1y ng\u1eef ph\u00e1p ti\u1ebfng Anh.<\/strong>&nbsp;Ch\u1ee7 nhi\u1ec7m: V\u00f5 Thanh S\u01a1n Ca. Th\u00e0nh vi\u00ean: . M\u00e3 s\u1ed1: T2013-05-11. : 2013.<\/a>&nbsp;(Feb 27 2014 10:12PM)<\/td><td>Institutional project<\/td><\/tr><tr><td>29<\/td><td>M<strong>inistry Project:&nbsp;<\/strong>&nbsp;<a href=\"http:\/\/scv.udn.vn\/nguyenthiquynhhoa\/NCKH\/3598\"><strong>Ch\u1ee9c n\u0103ng c\u1ee7a \u0111\u1ea3o ng\u1eef ti\u1ebfng Anh v\u00e0 \u1ee9ng d\u1ee5ng trong vi\u1ec7c d\u1ea1y ti\u1ebfng Anh cho ng\u01b0\u1eddi Vi\u1ec7t.<\/strong>&nbsp;Ch\u1ee7 nhi\u1ec7m: Nguy\u1ec5n Th\u1ecb Qu\u1ef3nh Hoa. M\u00e3 s\u1ed1: B2006-\u0110N05-03. : 2011.<\/a>&nbsp;(Aug 23 2017 7:20PM)<\/td><td>Ministry Project<\/td><\/tr><tr><td>30<\/td><td><a href=\"http:\/\/scv.udn.vn\/dtmhien\/NCKH\/3090\"><strong>An Investigation into the Application of Content-Based Instruction in a University English Language Progra<\/strong>m<strong>&nbsp;in Vietna<\/strong>m<strong>&nbsp;.<\/strong>&nbsp;Ch\u1ee7 nhi\u1ec7m: \u0110inh Th\u1ecb Minh Hi\u1ec1n. Th\u00e0nh vi\u00ean: Dr. Howard Nicholas (Supervisor); Dr. Williams Alan (Associate). M\u00e3 s\u1ed1: 1\/1\/2005 &#8211; 3\/9\/2009. : 2009.<\/a>&nbsp;(Feb 1 2016 3:32AM)<\/td><td>Institutional project<\/td><\/tr><tr><td>31<\/td><td><a href=\"http:\/\/scv.udn.vn\/dtmhien\/NCKH\/3091\"><strong>Reader-Response Criticis<\/strong>m<strong>&nbsp;in Teaching A<\/strong>m<strong>erican Literature for EFL Students at the University Level.<\/strong>&nbsp;Ch\u1ee7 nhi\u1ec7m: \u0110inh Th\u1ecb Minh Hi\u1ec1n. Th\u00e0nh vi\u00ean: Dr. David Palumbo Liu. M\u00e3 s\u1ed1: 5\/2005. : 2005.<\/a>&nbsp;(Feb 1 2016 3:45PM)<\/td><td>Institutional project<\/td><\/tr><tr><td>32<\/td><td><a href=\"http:\/\/scv.udn.vn\/dtmhien\/NCKH\/3094\"><strong>An Investigation into Co<\/strong>mm<strong>unity Learning through Learning Tasks in EFL Classes at Danang College of Education in Vietna<\/strong>m<strong>.<\/strong>&nbsp;Ch\u1ee7 nhi\u1ec7m: \u0110inh Th\u1ecb Minh Hi\u1ec1n. Th\u00e0nh vi\u00ean: Dr. \u0110\u1eb7ng V\u0103n H\u00f9ng (Principle); Pro. Nguy\u1ec5n B\u00e0ng (Associate). M\u00e3 s\u1ed1: 9\/1995 &#8211; 9\/1999. : 1999.<\/a>&nbsp;(Feb 1 2016 4:17PM)<\/td><td>Institutional project<\/td><\/tr><tr><td>33<\/td><td><a href=\"http:\/\/scv.udn.vn\/dtmhien\/NCKH\/3093\"><strong>Teaching A<\/strong>m<strong>erican Literature for EFL Students at Danang College of Education in Vietna<\/strong>m<strong>.<\/strong>&nbsp;Ch\u1ee7 nhi\u1ec7m: \u0110inh Th\u1ecb Minh Hi\u1ec1n. Th\u00e0nh vi\u00ean: Dr. Daniel W. Evans. M\u00e3 s\u1ed1: 6\/1998-8\/1999. : 1999.<\/a>&nbsp;(Feb 1 2016 4:03PM)<\/td><td>Institutional project<\/td><\/tr><\/tbody><\/table><\/figure>\n","protected":false},"excerpt":{"rendered":"<p>No Project title Project submitted to 1 Institutional project:&nbsp;X\u00e2y d\u1ef1ng kh\u00f3a h\u1ecdc m\u1eabu cho gi\u00e1o tr\u00ecnh Life tr\u00ean trang web<\/p>\n","protected":false},"author":1,"featured_media":0,"parent":0,"menu_order":0,"comment_status":"closed","ping_status":"closed","template":"","meta":{"footnotes":""},"_links":{"self":[{"href":"https:\/\/khoaanh.ufl.udn.vn\/eng\/wp-json\/wp\/v2\/pages\/518"}],"collection":[{"href":"https:\/\/khoaanh.ufl.udn.vn\/eng\/wp-json\/wp\/v2\/pages"}],"about":[{"href":"https:\/\/khoaanh.ufl.udn.vn\/eng\/wp-json\/wp\/v2\/types\/page"}],"author":[{"embeddable":true,"href":"https:\/\/khoaanh.ufl.udn.vn\/eng\/wp-json\/wp\/v2\/users\/1"}],"replies":[{"embeddable":true,"href":"https:\/\/khoaanh.ufl.udn.vn\/eng\/wp-json\/wp\/v2\/comments?post=518"}],"version-history":[{"count":1,"href":"https:\/\/khoaanh.ufl.udn.vn\/eng\/wp-json\/wp\/v2\/pages\/518\/revisions"}],"predecessor-version":[{"id":519,"href":"https:\/\/khoaanh.ufl.udn.vn\/eng\/wp-json\/wp\/v2\/pages\/518\/revisions\/519"}],"wp:attachment":[{"href":"https:\/\/khoaanh.ufl.udn.vn\/eng\/wp-json\/wp\/v2\/media?parent=518"}],"curies":[{"name":"wp","href":"https:\/\/api.w.org\/{rel}","templated":true}]}}